
False
Is 563219 prime?
True
Is 546719 a prime number?
True
Is 2523503 composite?
False
Is 1418 a prime number?
False
Is 324677 a prime number?
False
Is 1123 composite?
False
Is 19111 composite?
True
Is 1171 a prime number?
True
Is 15557 a prime number?
False
Is 86551 composite?
True
Is 44131 prime?
True
Is 4583 a prime number?
True
Is 227491 a composite number?
True
Is 350707 prime?
False
Is 150961 a prime number?
True
Is 21787 a prime number?
True
Is 2939 a prime number?
True
Is 55469 prime?
True
Is 116029 a composite number?
True
Is 4177 a composite number?
False
Is 797 prime?
True
Is 907409 prime?
False
Is 5919 a prime number?
False
Is 61507 a prime number?
True
Is 1548381 a composite number?
True
Is 424889 a composite number?
False
Is 65921 a prime number?
True
Is 3721 composite?
True
Is 1471 a composite number?
False
Is 518657 composite?
False
Is 34027 prime?
False
Is 12307 a prime number?
False
Is 18899 prime?
True
Is 1454513 a composite number?
False
Is 15401 a prime number?
True
Is 70481 prime?
True
Is 3163 prime?
True
Is 958469 a prime number?
False
Is 507301 composite?
False
Is 18869 composite?
False
Is 9091 a composite number?
False
Is 311743 composite?
False
Is 19438 a composite number?
True
Is 179473 composite?
True
Is 507995 prime?
False
Is 12417 a prime number?
False
Is 2437 a prime number?
True
Is 1149019 a prime number?
False
Is 4783 a composite number?
False
Is 6773 prime?
False
Is 66959 composite?
False
Is 10979 a prime number?
True
Is 389573 a prime number?
False
Is 4229 a composite number?
False
Is 23917 a prime number?
True
Is 191999 prime?
True
Is 2554 composite?
True
Is 6385 a composite number?
True
Is 32105 a composite number?
True
Is 106187 a prime number?
True
Is 561173 a prime number?
True
Is 1587167 composite?
False
Is 5509 prime?
False
Is 310861 prime?
True
Is 40897 prime?
True
Is 2357911 composite?
True
Is 108131 a composite number?
False
Is 4105 a composite number?
True
Is 230377 a prime number?
False
Is 5471 composite?
False
Is 69133 prime?
False
Is 175079 composite?
False
Is 26503 composite?
True
Is 69514 composite?
True
Is 16123 prime?
False
Is 8941 composite?
False
Is 533543 prime?
True
Is 4393 a prime number?
False
Is 28113 a composite number?
True
Is 7609 composite?
True
Is 626663 composite?
False
Is 733 composite?
False
Is 5359 a composite number?
True
Is 89561 prime?
True
Is 809 composite?
False
Is 4206539 a composite number?
True
Is 46821 composite?
True
Is 28369 prime?
False
Is 137357 prime?
False
Is 210047 a composite number?
True
Is 16754 a prime number?
False
Is 1115 a composite number?
True
Is 770271 a prime number?
False
Is 670487 a composite number?
False
Is 158579 a prime number?
False
Is 33107 a prime number?
True
Is 2173 composite?
True
Is 545873 a prime number?
True
Is 497883 prime?
False
Is 61133 composite?
True
Is 406463 composite?
True
Is 13367 composite?
False
Is 2243 prime?
True
Is 7243 a prime number?
True
Is 154867 prime?
False
Is 7114937 composite?
False
Is 119147 a composite number?
True
Is 6153451 composite?
False
Is 6506 a composite number?
True
Is 8501 a prime number?
True
Is 41999 a prime number?
True
Is 226639 prime?
False
Is 11927 prime?
True
Is 242117 prime?
False
Is 160357 a composite number?
False
Is 120665 a prime number?
False
Is 3937 composite?
True
Is 208799 a composite number?
False
Is 40267 composite?
True
Is 277961 composite?
False
Is 27509 composite?
False
Is 71707 a prime number?
True
Is 321493 prime?
False
Is 2998 a prime number?
False
Is 56081 a composite number?
False
Is 52214 prime?
False
Is 93271 prime?
False
Is 4777 prime?
False
Is 395159 composite?
False
Is 5638157 composite?
True
Is 184939 a composite number?
True
Is 772043 a composite number?
True
Is 10555 composite?
True
Is 42569 composite?
False
Is 5071 a composite number?
True
Is 11093 a prime number?
True
Is 12367 composite?
True
Is 187 prime?
False
Is 3991 a prime number?
False
Is 46459 composite?
True
Is 115651 prime?
False
Is 14189 prime?
False
Is 16495 a composite number?
True
Is 1048913 prime?
False
Is 2393 a prime number?
True
Is 717182 a prime number?
False
Is 109159 composite?
False
Is 19385 a prime number?
False
Is 214001 prime?
False
Is 86363 composite?
True
Is 640214 prime?
False
Is 15926 prime?
False
Is 15421 a prime number?
False
Is 141857 composite?
True
Is 14471 prime?
False
Is 1586147 a composite number?
False
Is 4561 prime?
True
Is 1369871 a composite number?
False
Is 14519 a composite number?
False
Is 12781 a prime number?
True
Is 613523 a prime number?
True
Is 445421 a composite number?
True
Is 220283 a prime number?
False
Is 39 a prime number?
False
Is 23 composite?
False
Is 405647 composite?
True
Is 262781 composite?
False
Is 4937 a prime number?
True
Is 1261 a prime number?
False
Is 8033 a composite number?
True
Is 4037 a prime number?
False
Is 99761 a prime number?
True
Is 72463 composite?
True
Is 2207 a composite number?
False
Is 13307 a composite number?
True
Is 1274135 prime?
False
Is 11855 prime?
False
Is 27449 a prime number?
True
Is 67713 a composite number?
True
Is 6053 a prime number?
True
Is 864749 a composite number?
True
Is 69877 composite?
False
Is 212599 composite?
True
Is 9763 composite?
True
Is 2008715 composite?
True
Is 60209 a composite number?
False
Is 872227 composite?
False
Is 2503 prime?
True
Is 21427 prime?
False
Is 82529 prime?
True
Is 7243 prime?
True
Is 76909 composite?
True
Is 428093 composite?
False
Is 8285 composite?
True
Is 130147 prime?
True
Is 25007 a prime number?
False
Is 51609 prime?
False
Is 188389 a composite number?
False
Is 8999 a composite number?
False
Is 625934 a composite number?
True
Is 59683 composite?
True
Is 26629 a composite number?
True
Is 1703371 composite?
True
Is 12821 a composite number?
False
Is 211313 a prime number?
True
Is 26669 a composite number?
False
Is 184511 prime?
True
Is 4861 prime?
True
Is 407741 composite?
False
Is 438131 prime?
True
Is 5191 a prime number?
False
Is 258917 a composite number?
False
Is 373877 prime?
False
Is 11539 prime?
False
Is 1358183 a composite number?
False
Is 423271 prime?
False
Is 736301 prime?
False
Is 71189 composite?
True
Is 7177 prime?
True
Is 16729 a prime number?
True
Is 3859993 a prime number?
True
Is 70709 composite?
False
Is 18701 a prime number?
True
Is 8402 prime?
False
Is 52987 a composite number?
True
Is 4831 a prime number?
True
Is 164509 composite?
True
Is 1514467 a prime number?
False
Is 128641 a prime number?
False
Is 11669 a composite number?
True
Is 2933 a composite number?
True
Is 7349 a prime number?
True
Is 1137 a prime number?
False
Is 2531 a prime number?
True
Is 2917 a composite number?
False
Is 342497 a composite number?
False
Is 338533 composite?
True
Is 52489 prime?
True
Is 731113 a composite number?
False
Is 23889 prime?
False
Is 21943 prime?
True
Is 4786 a prime number?
False
Is 91097 composite?
False
Is 78623 composite?
False
Is 3043 a prime number?
False
Is 219251 a composite number?
False
Is 1021429 prime?
True
Is 1213 a composite number?
False
Is 14623 prime?
False
Is 47438 prime?
False
Is 7253 a composite number?
False
Is 5919 a prime number?
False
Is 3649 composite?
True
Is 26787 composite?
True
Is 9151 composite?
False
Is 1729643 a composite number?
True
Is 18013 a composite number?
False
Is 342985 a prime number?
False
Is 83713 a composite number?
True
Is 5062 a prime number?
False
Is 18899 a composite number?
False
Is 111721 a composite number?
False
Is 4441 a prime number?
True
Is 3877 composite?
False
Is 34169 a composite number?
True
Is 57089 composite?
False
Is 282661 composite?
False
Is 78305 a prime number?
False
Is 172999 a composite number?
False
Is 7571 a composite number?
True
Is 69117 prime?
False
Is 42319 a prime number?
False
Is 1964143 composite?
False
Is 326437 a composite number?
False
Is 951331 composite?
False
Is 85637 prime?
False
Is 17647 prime?
False
Is 1853 prime?
False
Is 225457 prime?
True
Is 9239 a prime number?
True
Is 214313 composite?
True
Is 193301 a prime number?
True
Is 941 a prime number?
True
Is 256253 a composite number?
True
Is 15817 a composite number?
False
Is 117319 prime?
True
Is 95369 a composite number?
False
Is 25503 a composite number?
True
Is 16143 prime?
False
Is 19099 composite?
True
Is 879493 composite